 46 divide 2309074?
False
Does 160 divide 36422240?
True
Is 14891200 a multiple of 164?
True
Is 12 a factor of 273845843?
False
Is 586 a factor of 77072800?
False
Is 155 a factor of 9920922?
False
Is 674550 a multiple of 3615?
False
Is 43 a factor of 1855579?
True
Is 426487410 a multiple of 54?
True
Does 599 divide 784664783?
False
Is 2777268226 a multiple of 322?
False
Is 2569 a factor of 61870608?
False
Is 92912714 a multiple of 5?
False
Is 4 a factor of 82303232?
True
Is 17 a factor of 103437707?
True
Is 48771330 a multiple of 166?
False
Does 35 divide 931295146?
False
Is 30 a factor of 645652140?
True
Is 5381655 a multiple of 6?
False
Is 466748475 a multiple of 1325?
True
Does 146 divide 64916272?
True
Is 310559424 a multiple of 448?
True
Does 983 divide 564429108?
False
Is 21 a factor of 413622489?
True
Does 16 divide 387912399?
False
Is 526424432 a multiple of 944?
True
Does 63 divide 30548371?
False
Is 71086200 a multiple of 257?
True
Does 211 divide 94146623?
False
Is 186515945 a multiple of 1597?
False
Does 10 divide 311228380?
True
Is 2218 a factor of 32904030?
True
Is 21 a factor of 24327576?
True
Is 15 a factor of 2785888504?
False
Is 407587350 a multiple of 15?
True
Does 9 divide 5417722?
False
Does 894 divide 2115221880?
True
Is 4713 a factor of 289257621?
False
Does 16 divide 380684384?
True
Does 45 divide 34663155?
False
Does 29 divide 383701793?
False
Is 11 a factor of 39142620?
True
Is 27 a factor of 3728670803?
False
Is 4797706508 a multiple of 9068?
True
Is 593 a factor of 1606437?
True
Does 70 divide 1822660?
True
Does 18 divide 56498436?
True
Is 18 a factor of 256407730?
False
Does 14 divide 4024750640?
False
Is 8877737 a multiple of 1507?
True
Is 955876375 a multiple of 25?
True
Is 3282048 a multiple of 224?
True
Is 220104954 a multiple of 442?
False
Does 21 divide 154727979?
True
Does 628 divide 59441513?
False
Is 24 a factor of 851331376?
False
Is 603 a factor of 601456923?
True
Is 29 a factor of 103160221?
True
Is 398807421 a multiple of 766?
False
Is 13 a factor of 904124221?
True
Does 7 divide 316372176?
False
Is 505 a factor of 645910655?
True
Does 4 divide 942347912?
True
Is 314818110 a multiple of 19?
False
Is 31 a factor of 34755830?
False
Does 550 divide 76753600?
True
Is 3504937650 a multiple of 6658?
True
Does 852 divide 654746664?
True
Is 18574929 a multiple of 19?
False
Is 87 a factor of 324462237?
True
Is 13460894 a multiple of 7?
False
Is 131819427 a multiple of 2259?
True
Is 11 a factor of 970090?
True
Is 91187745 a multiple of 55?
True
Is 19703596 a multiple of 1129?
False
Is 451229955 a multiple of 95?
True
Is 124057220 a multiple of 914?
True
Does 171 divide 5302471?
False
Is 102929199 a multiple of 379?
True
Is 1880 a factor of 56559777?
False
Is 848 a factor of 495442486?
False
Is 577667558 a multiple of 12?
False
Is 444717685 a multiple of 185?
False
Is 43839452 a multiple of 86?
False
Is 112262053 a multiple of 213?
False
Does 22 divide 1995824798?
True
Is 96439360 a multiple of 18?
False
Is 512 a factor of 111376267?
False
Is 186414021 a multiple of 1335?
False
Is 942 a factor of 53555683?
False
Is 24 a factor of 118292097?
False
Does 4 divide 38352401?
False
Is 64566000 a multiple of 450?
True
Does 939 divide 285648495?
True
Does 1324 divide 571484740?
True
Is 2888 a factor of 621702648?
True
Is 199 a factor of 2260269661?
True
Does 39 divide 80949960?
True
Is 872136744 a multiple of 30?
False
Does 184 divide 217505296?
True
Does 30 divide 730615430?
False
Does 69 divide 1026370170?
True
Does 8 divide 49999602?
False
Is 20 a factor of 1394292508?
False
Is 5 a factor of 34379363?
False
Does 259 divide 4439407889?
True
Does 26 divide 32744818?
False
Is 17914179 a multiple of 7?
False
Is 30 a factor of 37719365?
False
Is 86 a factor of 4419196?
True
Is 11 a factor of 9886333?
False
Does 3 divide 293223?
True
Does 260 divide 28140580?
True
Does 144 divide 266728464?
True
Does 43 divide 176293672?
False
Does 156 divide 63674311?
False
Is 11653681 a multiple of 13?
True
Is 1110 a factor of 309271004?
False
Is 10927952 a multiple of 17?
False
Is 675 a factor of 197513100?
True
Is 5898193 a multiple of 25?
False
Does 759 divide 83983350?
True
Is 59405004 a multiple of 306?
True
Is 6365585 a multiple of 9?
False
Does 586 divide 628919300?
False
Does 14002 divide 4131598144?
True
Does 19 divide 36567035?
False
Does 115 divide 348525591?
False
Is 4645674 a multiple of 99?
True
Is 32735693 a multiple of 29?
True
Is 682 a factor of 160350215?
False
Does 224 divide 353247328?
True
Does 955 divide 610628545?
False
Does 36 divide 1422029151?
False
Is 17488324 a multiple of 82?
False
Is 1009 a factor of 369733924?
True
Does 111 divide 947243240?
False
Is 14192047 a multiple of 12?
False
Does 1285 divide 18534840?
True
Is 23963389 a multiple of 3?
False
Is 645652030 a multiple of 5?
True
Does 7 divide 2645104?
True
Does 37 divide 66583324?
False
Is 15 a factor of 155375790?
True
Does 1046 divide 109129180?
True
Does 6 divide 23117430?
True
Is 13738188 a multiple of 6?
True
Is 31 a factor of 646275?
False
Is 11 a factor of 8688843?
False
Is 8 a factor of 6764304?
True
Does 6902 divide 671067656?
True
Does 29 divide 78795378?
True
Is 536896066 a multiple of 2269?
False
Is 818756878 a multiple of 79?
False
Is 3317 a factor of 221172094?
False
Does 37 divide 50239118?
True
Is 445 a factor of 143654010?
True
Is 5799826 a multiple of 5?
False
Does 8620 divide 2958140243?
False
Is 29285484 a multiple of 85?
False
Does 48 divide 56305008?
True
Is 82 a factor of 90985281?
False
Is 1091598 a multiple of 6?
True
Does 9292 divide 707668544?
False
Is 89571168 a multiple of 4532?
False
Is 91 a factor of 62660689?
True
Is 1414 a factor of 5460539952?
True
Does 188 divide 973174856?
True
Is 475 a factor of 5525595?
False
Is 1280 a factor of 6050850038?
False
Is 165 a factor of 131086822?
False
Is 324089558 a multiple of 26?
True
Is 3135143760 a multiple of 21?
True
Does 457 divide 108687578?
False
Is 1484 a factor of 550272005?
False
Is 205637875 a multiple of 2166?
False
Is 3578584136 a multiple of 2617?
False
Does 18 divide 39201264?
True
Is 796 a factor of 1478753080?
True
Is 1234 a factor of 1310633868?
True
Is 25423904 a multiple of 806?
False
Does 16 divide 94600096?
True
Is 718 a factor of 55609100?
True
Is 279840132 a multiple of 9?
True
Is 52 a factor of 66461616?
True
Is 316176840 a multiple of 20?
True
Does 8 divide 24066686?
False
Is 422 a factor of 318003586?
True
Is 52755683 a multiple of 198?
False
Is 10477763 a multiple of 23?
False
Is 48 a factor of 15633789?
False
Does 38 divide 167752581?
False
Is 14522508 a multiple of 2418?
True
Does 11 divide 35685606?
True
Does 1642 divide 36450758?
True
Does 451 divide 249244610?
False
Does 1225 divide 106233225?
True
Does 16 divide 196375552?
True
Does 1546 divide 93838649?
False
Does 57 divide 338664531?
True
Is 173 a factor of 930610468?
False
Is 8528897 a multiple of 120?
False
Is 54071160 a multiple of 920?
True
Is 3610560928 a multiple of 1313?
True
Is 129530964 a multiple of 516?
True
Is 746 a factor of 47342652?
True
Does 14 divide 147974496?
False
Is 70 a factor of 36517600?
True
Does 342 divide 484272?
True
Is 1501599206 a multiple of 636?
False
Is 3285278994 a multiple of 31?
False
Is 4558919874 a multiple of 309?
True
Is 97807640 a multiple of 140?
True
Is 218 a factor of 173417692?
True
Does 19 divide 2588453068?
True
Is 24788589 a multiple of 374?
False
Is 104173910 a multiple of 219?
False
Is 11530101 a multiple of 776?
False
Is 23239568 a multiple of 8?
True
Does 6 divide 981114?
True
Is 691741680 a multiple of 20?
True
Is 34 a factor of 111909206?
False
Is 8 a factor of 1559124856?
True
Is 1247024652 a multiple of 1284?
True
Does 1821 divide 124053683?
False
Is 203422035 a multiple of 15?
True
Is 2787541126 a multiple of 11?
False
Is 81432384 a multiple of 176?
True
Is 210 a factor of 740307250?
False
Does 777 divide 3028836132?
True
Is 4503133077 a multiple of 9?
False
Is 185 a factor of 108681765?
True
Is 2 a factor of 123229957?
False
Is 24415454 a multiple of 2866?
True
Is 110 a factor of 3626670?
False
Is 259024626 a multiple of 840?
False
Is 774384930 a multiple of 18?
True
Is 272 a factor of 48419808?
True
Is 635 a factor of 753992015?
True
Is